 -5*z - 58 - 177 = -2*s, -4*z = -3*s + 335. What is the highest common factor of 60 and s?
15
Let l be (-11)/22 + 14/(-4). Let x be 264/11*(-1)/(l/13). Calculate the highest common factor of x and 6.
6
Let l = 651 + -523. Calculate the greatest common divisor of l and 8.
8
Let x be (-51)/(-15) - 3/(-5). Suppose x*f + 0 = 48. Let m = 29 + -11. Calculate the greatest common divisor of f and m.
6
Let r = 6 - 1. Suppose -10 = -2*c, r*c + 0*c - 9 = 2*p. Suppose 2*x + 10 = 0, o + 2*x - 3*x - 77 = 0. Calculate the greatest common factor of o and p.
8
Let q(b) = 2*b + 32. Let t be q(-14). Suppose -3*k - 5*g + 100 = 0, -t*g + 124 - 20 = 3*k. What is the highest common divisor of 10 and k?
10
Suppose -26 = -2*n - 2*c, 0 = 30*n - 29*n + 3*c - 9. What is the greatest common divisor of n and 265?
5
Let k = 639 - 275. Calculate the highest common factor of 14 and k.
14
Suppose -945 - 567 = -4*b. What is the highest common factor of b and 54?
54
Suppose -3*b = -3*z + 3, 3*b - b = z. Suppose -y = 2*n - 25, 5*y - 90 = -n + 80. Suppose -z*k + 37 = -y. What is the highest common factor of 9 and k?
9
Let r(p) = -p**2 + 10*p - 1. Let t be r(8). Let k be 36 + (-1400)/210 + (-2)/(-3). What is the highest common factor of t and k?
15
Let v = -428 + 518. Calculate the greatest common factor of v and 20.
10
Suppose 5 = 12*j - 11*j. Suppose 0 = -3*f - 4*i + 23, j*i - 24 + 2 = -3*f. Calculate the greatest common factor of f and 72.
9
Suppose 16*u + 10*u - 572 = 0. Calculate the greatest common factor of 407 and u.
11
Let h be 1/(-4) + (5383/28 - 2). Calculate the greatest common divisor of 30 and h.
10
Suppose 0 = 5*h - 15 - 15. Let a be h/(-16) + 210/48. Calculate the greatest common factor of 2 and a.
2
Suppose -5 = f + 13. Let v(i) = -i**3 - 19*i**2 - 18*i + 14. Let q be v(f). Calculate the highest common factor of q and 42.
14
Suppose -10*h = -7*h - 48. Let m(l) = -l**3 + 8*l**2 + 11*l - 8. Let c be m(8). What is the greatest common factor of c and h?
16
Let z(t) = -t**3 - 8*t**2 + 9*t + 2. Let w be z(-9). Suppose -320 = -n - 3*n - 2*f, -w*n = 3*f - 160. Calculate the greatest common divisor of 10 and n.
10
Let t = 108 + -100. What is the highest common divisor of 952 and t?
8
Suppose -k + 1116 = 969. Let d be (-586)/(-6) + (-3)/(-9). Calculate the greatest common divisor of d and k.
49
Let o(c) = 3*c**2 + 26*c + 98. Let k be o(-4). What is the greatest common divisor of 147 and k?
21
Suppose 6*o = o - 5. Let a(n) = -9*n**2 - 2*n + 82*n**2 + 6*n + 3*n**2 - 3*n. Let y be a(o). Calculate the highest common factor of 15 and y.
15
Suppose -3*q + 166 + 27 = 2*z, 205 = 2*z - q. Suppose -z = -2*g + 25. Calculate the highest common factor of 7 and g.
7
Let b be (-32)/(-12)*(-36)/(-16). What is the greatest common divisor of 27 and b?
3
Suppose -3*m - 2*z = -8 - 18, -z = 3*m - 31. Suppose 0*s - 5*s + 145 = 0. Let q = s - 23. What is the greatest common divisor of m and q?
6
Let a(c) = -c**2 - 12*c - 10. Suppose 4*l = -2 + 22. Suppose l*y - o + 42 = -0*o, -4*y - 34 = -o. Let b be a(y). What is the greatest common factor of 2 and b?
2
Suppose 0 = -2*z + 2*o + 60, 0*o - 4*o = -3*z + 93. Suppose z = 4*h - 1. Let l be 3*21 - (0 + 0). Calculate the greatest common divisor of l and h.
7
Suppose 12 = -3*m - 4*c - 14, -4*c = -m - 14. Let s = m - -25. Let q(y) = -y**2 - 15*y - 14. Let t be q(-11). What is the highest common divisor of s and t?
15
Let x = -172 + 214. Calculate the greatest common divisor of x and 182.
14
Let k(v) = 2*v**3 - 12*v**2 + 4*v - 8. Let m be k(6). Calculate the greatest common factor of 4 and m.
4
Let p(h) = -h + 3. Let z be p(3). Let s(m) = m**2 - 5 + z - 4*m**2 + 2*m**3 + 0. Let b be s(4). Calculate the greatest common divisor of b and 15.
15
Suppose -10*s = -12*s + 50. Suppose -w + s = 4*w. Suppose w*f + 7 = 12. What is the greatest common factor of 9 and f?
1
Let o be ((-3)/2)/(18/1260). Suppose 4*f + 3*v = 688, 0 = 4*v + 7 + 9. Let c = f + o. Calculate the greatest common factor of 28 and c.
14
Let l be 9/(0 - (-1 + 0)). Let n be (54/(-4)*-12)/2. Calculate the highest common divisor of l and n.
9
Let t(s) = s**2 - 3 + 0*s**2 - 5 - 4*s. Let m be t(6). Let v be (6/(-2))/(m/(-20)). Calculate the highest common divisor of 5 and v.
5
Suppose 1356*t - 1346*t = 4250. What is the highest common divisor of t and 25?
25
Suppose 6*m + 2 - 14 = 0. Suppose 2*y + 4 = -0*y - m*d, 0 = 5*y - d - 2. Suppose y = -3*f - f + 280. What is the highest common factor of 14 and f?
14
Let d(z) = z**3 - 6*z**2 - 5*z - 9. Let c be d(7). Let y be -1 + 415 + (8/2 - 4). Suppose 0 = -c*b - 54 + y. Calculate the greatest common factor of b and 48.
24
Let l = 428 + -412. Calculate the greatest common divisor of 496 and l.
16
Let z(x) = -4*x + 2. Let j be z(-5). Let a = -95 + 64. Let l = a + 64. What is the highest common factor of l and j?
11
Let m(r) = -r + 4. Let x be m(0). Let k = 26 - 21. Suppose 88 = -3*w + k*w. What is the greatest common factor of w and x?
4
Let d be 2/(-28) - (-15144)/336. What is the highest common factor of 105 and d?
15
Suppose -4*o - 4*q = -120, -o + 147 = 4*o + 2*q. Suppose 0 = y - o + 16. What is the greatest common factor of y and 26?
13
Let x be 1 + (-1950)/(-114) - (-2)/(-19). Calculate the greatest common divisor of x and 90.
18
Let c(i) be the first derivative of i**4/4 + 4*i**3/3 - 7*i**2 - 18. Let k be c(-6). Suppose -2*p = p - 36. What is the highest common factor of k and p?
12
Let r be (-87 - 0)*18/27. Let d = -38 - r. Let i(a) = 2*a**3 + 4*a**2 - 3*a. Let l be i(4). What is the greatest common divisor of d and l?
20
Let g be (-33)/(-6) - 4/(-8). Let i be (-2702)/(-182) - 2/(-13). Calculate the greatest common divisor of g and i.
3
Let a be 46*(12/(-8) + 1). Let u = -21 - a. Calculate the greatest common factor of 18 and u.
2
Let r(o) = 643*o**2 - 640*o**2 + 2 + 5 - 6*o. Let u be r(3). What is the highest common divisor of 40 and u?
8
Let o(s) = 2*s**2 - 4*s + 3. Let f be o(2). Suppose f*t + 0*t + 5*p - 105 = 0, t = -4*p + 28. Let z = -14 + t. Calculate the greatest common factor of 78 and z.
26
Suppose 88 = -2*j + 13*j. What is the greatest common factor of j and 32?
8
Let s(i) = 2*i + 100. Let d be s(-26). Calculate the highest common divisor of d and 16.
16
Let j be (18/7)/((-15)/70). Let d(v) = v**3 + 12*v**2 - 3*v - 25. Let r be d(j). What is the highest common factor of r and 99?
11
Let f be (-1 + 3)*60/40. Let a be (-64)/(-24) - 4/6. Calculate the greatest common divisor of a and f.
1
Let x be 2/(-9) + 384/27. Suppose -12*g + 4 = -x*g, 0 = 3*v - 5*g - 370. Calculate the greatest common factor of v and 24.
24
Let d(j) = -2497 - 7*j + 2497. Let c be d(-6). Calculate the highest common divisor of c and 6.
6
Suppose -4*t + 360 = t. Let u = 29 + -13. Suppose 2*g + 0*g = u. What is the greatest common divisor of t and g?
8
Let u be 925/150 + (-2)/12. Calculate the highest common divisor of 2 and u.
2
Let m(c) = c**3 + 45*c**2 + 85*c + 3. Let n be m(-43). What is the greatest common divisor of 506 and n?
46
Let p(t) = 26*t**2 + 40*t - 2 + 2 - 38*t. Let c be ((-3)/1)/((-6)/(-4)). Let u be p(c). Calculate the highest common factor of 25 and u.
25
Let v(t) = t**2 - t + 1. Let o be v(2). Suppose 0 = m - 0 - o. Let h = -21 + 45. Calculate the highest common factor of h and m.
3
Suppose 5 - 14 = -3*o. Suppose o*b - 76 = -4*x, 2*x - 7*x = 5*b - 100. Suppose -124 + x = -3*k. Calculate the highest common factor of k and 90.
18
Suppose 10*n = -3*n + 2288. What is the highest common factor of n and 22?
22
Suppose -5*a = -2*b - 0*b + 8, 2*b + 3*a + 8 = 0. Let o be (-37)/(-6) + b/6. What is the greatest common factor of 9 and o?
3
Suppose 4*c + 2 + 10 = 0, -3*r + 5*c = -30. Suppose 2*v + 7*t - 12*t - 436 = 0, -r*v - t + 1144 = 0. What is the highest common divisor of 12 and v?
12
Let k(m) = 0*m**2 + 11*m + 11 - 2*m**2 + 3*m + 3*m**2. Let i be k(-9). Let t = 97 + i. Calculate the greatest common divisor of t and 7.
7
Suppose -2*x + 23 = 3*z - 82, -3*z = 9. What is the greatest common factor of 399 and x?
57
Let i = 885 + -874. What is the highest common divisor of i and 583?
11
Let s(v) = -2*v - 13. Let h be s(-9). Let o be (-36)/(-15) - 2/h. Let q be 28/(-6)*(-6 + 3). Calculate the highest common divisor of o and q.
2
Suppose 3*v + 201 = 2*b, -3*v + 12 = 3.